e
Is 357473 composite?
False
Is 265757 composite?
False
Is 42061 prime?
True
Is 6247913 a prime number?
False
Is 6941 composite?
True
Is 1801717 a composite number?
False
Is 63353 a composite number?
False
Is 799 composite?
True
Is 2213231 prime?
False
Is 29717 prime?
True
Is 10663 a prime number?
True
Is 11659 composite?
True
Is 5051 a composite number?
False
Is 2094805 composite?
True
Is 4909 a prime number?
True
Is 546397 a prime number?
False
Is 9871 prime?
True
Is 306221 a composite number?
True
Is 12791 a prime number?
True
Is 74197 a prime number?
True
Is 4327 a prime number?
True
Is 1759 composite?
False
Is 39157 composite?
False
Is 5051 a composite number?
False
Is 456853 composite?
True
Is 93127 prime?
False
Is 1679903 a composite number?
False
Is 419 prime?
True
Is 33961 composite?
False
Is 71633 a prime number?
True
Is 967 a composite number?
False
Is 4561 prime?
True
Is 479 prime?
True
Is 134837 a prime number?
True
Is 9601 a prime number?
True
Is 44879 a prime number?
True
Is 50581 a composite number?
False
Is 724297 a composite number?
True
Is 7963 a prime number?
True
Is 198367 a composite number?
True
Is 169019 composite?
False
Is 41927 composite?
False
Is 5779 a composite number?
False
Is 164737 composite?
True
Is 162139 composite?
True
Is 3449851 a prime number?
False
Is 85691 prime?
True
Is 7241 a prime number?
False
Is 124861 composite?
True
Is 493 prime?
False
Is 9865 a prime number?
False
Is 148349 prime?
False
Is 19829 composite?
True
Is 113111 prime?
True
Is 2251 prime?
True
Is 499853 a prime number?
True
Is 3223 a composite number?
True
Is 2104651 a prime number?
False
Is 26337 prime?
False
Is 209942 a prime number?
False
Is 82651 composite?
False
Is 90397 a prime number?
True
Is 2533 prime?
False
Is 11351 composite?
False
Is 37001 prime?
False
Is 425851 a composite number?
False
Is 37495 a prime number?
False
Is 162005 composite?
True
Is 11359 a composite number?
True
Is 166099 composite?
False
Is 48731 a composite number?
False
Is 23 a prime number?
True
Is 1642241 a composite number?
True
Is 78943 a prime number?
False
Is 417419 a composite number?
False
Is 28211 prime?
True
Is 34449 composite?
True
Is 278261 composite?
False
Is 438359 prime?
False
Is 15149 a prime number?
True
Is 57473 composite?
True
Is 15278 a composite number?
True
Is 1647181 prime?
False
Is 243073 composite?
False
Is 100591 a prime number?
True
Is 4421 a composite number?
False
Is 30055 composite?
True
Is 211 a composite number?
False
Is 25163 composite?
False
Is 9239 a composite number?
False
Is 2333 prime?
True
Is 404087 a composite number?
True
Is 6337 composite?
False
Is 1115 composite?
True
Is 6637 prime?
True
Is 2707 a prime number?
True
Is 8663 prime?
True
Is 1291511 composite?
True
Is 11279 a composite number?
False
Is 4411 a prime number?
False
Is 2465747 a prime number?
True
Is 84887 a prime number?
False
Is 3433 prime?
True
Is 165667 prime?
True
Is 3421 a composite number?
True
Is 14657 a prime number?
True
Is 86287 a composite number?
False
Is 104579 a prime number?
True
Is 11843 a composite number?
True
Is 895667 prime?
True
Is 1382627 composite?
True
Is 1883 prime?
False
Is 599 a prime number?
True
Is 622807 composite?
True
Is 228269 a prime number?
False
Is 92893 prime?
True
Is 153817 a prime number?
True
Is 514499 composite?
False
Is 5349 a composite number?
True
Is 74063 prime?
False
Is 45377 a composite number?
False
Is 1273 prime?
False
Is 50642 a prime number?
False
Is 19967 composite?
True
Is 266333 composite?
False
Is 233437 composite?
False
Is 2749 composite?
False
Is 7499 composite?
False
Is 261203 composite?
True
Is 134581 a composite number?
False
Is 76463 composite?
False
Is 605443 a prime number?
True
Is 22793 prime?
False
Is 633001 a prime number?
True
Is 130771 a prime number?
False
Is 10133 prime?
True
Is 1393079 a prime number?
True
Is 28411 prime?
True
Is 501839 a prime number?
False
Is 765613 a composite number?
False
Is 130769 composite?
False
Is 25247 composite?
False
Is 10007 prime?
True
Is 118789 a prime number?
False
Is 35729 prime?
True
Is 146843 a prime number?
True
Is 396001 a composite number?
False
Is 3533779 a composite number?
False
Is 61207 prime?
False
Is 103465 a composite number?
True
Is 473701 a composite number?
True
Is 15133 composite?
True
Is 2153 prime?
True
Is 14267 composite?
True
Is 16293 a composite number?
True
Is 19297 prime?
False
Is 220543 prime?
True
Is 142079 a composite number?
True
Is 64217 prime?
True
Is 126257 a prime number?
True
Is 6007 a composite number?
False
Is 43859 a prime number?
False
Is 18671 prime?
True
Is 2437 prime?
True
Is 19226 composite?
True
Is 1721 a prime number?
True
Is 625517 prime?
True
Is 11993 a composite number?
True
Is 3593 a prime number?
True
Is 22567 prime?
True
Is 677633 a composite number?
True
Is 83991 prime?
False
Is 31483 prime?
False
Is 14509 prime?
False
Is 18973 a composite number?
False
Is 14431 composite?
False
Is 285179 a composite number?
False
Is 137537 a prime number?
True
Is 53419 a prime number?
True
Is 22874 a prime number?
False
Is 2707735 a composite number?
True
Is 161611 a composite number?
False
Is 31483 a composite number?
True
Is 75883 a composite number?
False
Is 205129 a prime number?
True
Is 19121 a prime number?
True
Is 126713 a prime number?
True
Is 1337 a composite number?
True
Is 1222411 composite?
False
Is 17233 a prime number?
False
Is 5897 composite?
False
Is 7171 prime?
False
Is 3665 prime?
False
Is 28293 a composite number?
True
Is 59515 a composite number?
True
Is 1693 prime?
True
Is 872311 prime?
False
Is 6065 prime?
False
Is 681081 a composite number?
True
Is 1249 composite?
False
Is 130003 prime?
True
Is 6319 composite?
True
Is 1099885 prime?
False
Is 33697 prime?
False
Is 2579 prime?
True
Is 13501 a composite number?
True
Is 51449 composite?
False
Is 1171 composite?
False
Is 6947 a composite number?
False
Is 10903 a prime number?
True
Is 4391 prime?
True
Is 21055 a composite number?
True
Is 674987 composite?
False
Is 96643 composite?
False
Is 319337 prime?
False
Is 27647 composite?
False
Is 1097171 prime?
False
Is 865 prime?
False
Is 218765 a composite number?
True
Is 521603 a prime number?
True
Is 1746629 prime?
True
Is 582931 composite?
False
Is 985505 a composite number?
True
Is 759761 composite?
True
Is 179209 composite?
False
Is 385771 a prime number?
True
Is 168163 prime?
False
Is 3980045 composite?
True
Is 15909 a prime number?
False
Is 1537811 composite?
True
Is 207403 prime?
False
Is 126823 a prime number?
True
Is 6312173 composite?
True
Is 116255 a composite number?
True
Is 285451 a prime number?
True
Is 2503 composite?
False
Is 108587 a composite number?
False
Is 3687373 composite?
False
Is 24593 a prime number?
True
Is 30509 prime?
True
Is 83879 a composite number?
True
Is 753 a composite number?
True
Is 76367 a prime number?
True
Is 12583 a prime number?
True
Is 561521 composite?
False
Is 81709 a prime number?
False
Is 107239 composite?
True
Is 18419 composite?
True
Is 1175507 a composite number?
True
Is 663911 composite?
True
Is 9553 a prime number?
False
Is 671383 a prime number?
True
Is 28321 a prime number?
False
Is 4417 composite?
True
Is 6139 prime?
False
Is 187379 a composite number?
False
Is 972469 a prime number?
True
Is 43391 a prime number?
True
Is 2009059 a prime number?
False
Is 4201 a composite number?
False
Is 298757 prime?
True
Is 1481681 a composite number?
True
Is 29221 a prime number?
True
Is 119114 a prime number?
False
Is 2053 prime?
True
Is 17965 composite?
True
Is 11261 prime?
True
Is 43163 a prime number?
False
Is 295801 a prime number?
False
Is 1249 composite?
False
Is 72122 a prime number?
False
Is 8129 prime?
False
Is 51693 prime?
False
Is 4547 prime?
True
Is 2328215 a composite number?
True
Is 356467 prime?
True
Is 488491 prime?
False
Is 59333 prime?
True
Is 2964215 composite?
True
Is 65465 prime?
False
Is 224401 a prime number?
True
Is 3457 composite?
False
Is 221101 a composite number?
False
Is 5953 prime?
True
Is 31197 prime?
False
Is 77003 a composite number?
False
Is 7827 a composite number?
True
Is 91477 composite?
True
Is 341171 a composite number?
False
Is 18953 composite?
True
Is 8819 composite?
False
Is 88834 a prime number?
False
Is 78197 a composite